s divided by 430?
377
What is the remainder when 23183 is divided by 138?
137
Calculate the remainder when 5229 is divided by 2407.
415
What is the remainder when 249 is divided by 50?
49
Calculate the remainder when 1442 is divided by 1419.
23
Calculate the remainder when 256252 is divided by 24.
4
Calculate the remainder when 8589 is divided by 2141.
25
Calculate the remainder when 2141 is divided by 310.
281
Calculate the remainder when 7424 is divided by 268.
188
Calculate the remainder when 2661 is divided by 849.
114
What is the remainder when 102098 is divided by 64?
18
What is the remainder when 145795 is divided by 52?
39
What is the remainder when 15817 is divided by 5268?
13
Calculate the remainder when 35404 is divided by 2359.
19
What is the remainder when 108018 is divided by 12?
6
What is the remainder when 2285 is divided by 685?
230
What is the remainder when 7011 is divided by 357?
228
Calculate the remainder when 59159 is divided by 360.
119
What is the remainder when 231701 is divided by 73?
72
Calculate the remainder when 20433 is divided by 39.
36
Calculate the remainder when 1570 is divided by 97.
18
Calculate the remainder when 2500 is divided by 132.
124
What is the remainder when 35808 is divided by 401?
119
What is the remainder when 1451 is divided by 452?
95
What is the remainder when 31096 is divided by 15477?
142
What is the remainder when 286115 is divided by 364?
11
What is the remainder when 7138 is divided by 204?
202
What is the remainder when 2480 is divided by 693?
401
Calculate the remainder when 4610 is divided by 165.
155
Calculate the remainder when 1776 is divided by 197.
3
What is the remainder when 3840153 is divided by 55?
53
Calculate the remainder when 99587 is divided by 24896.
3
Calculate the remainder when 114743 is divided by 28684.
7
Calculate the remainder when 1703294 is divided by 999.
998
Calculate the remainder when 13564 is divided by 261.
253
Calculate the remainder when 5495 is divided by 90.
5
Calculate the remainder when 15628 is divided by 751.
608
What is the remainder when 14585 is divided by 4858?
11
What is the remainder when 23195 is divided by 14?
11
Calculate the remainder when 104158 is divided by 184.
14
Calculate the remainder when 27192 is divided by 383.
382
Calculate the remainder when 33943 is divided by 240.
103
Calculate the remainder when 5044 is divided by 5028.
16
What is the remainder when 17743 is divided by 1481?
1452
What is the remainder when 474247 is divided by 2146?
2127
What is the remainder when 12706 is divided by 12657?
49
Calculate the remainder when 38407 is divided by 334.
331
Calculate the remainder when 52354 is divided by 47.
43
What is the remainder when 17166 is divided by 344?
310
Calculate the remainder when 357473 is divided by 186.
167
Calculate the remainder when 27775 is divided by 128.
127
What is the remainder when 189031 is divided by 11811?
55
Calculate the remainder when 22357 is divided by 895.
877
What is the remainder when 10435 is divided by 3367?
334
Calculate the remainder when 782 is divided by 764.
18
Calculate the remainder when 20773 is divided by 69.
4
Calculate the remainder when 8327 is divided by 237.
32
Calculate the remainder when 154144 is divided by 18.
10
Calculate the remainder when 66235 is divided by 22074.
13
What is the remainder when 679 is divided by 107?
37
Calculate the remainder when 3684 is divided by 822.
396
What is the remainder when 8096 is divided by 1613?
31
What is the remainder when 2491 is divided by 619?
15
Calculate the remainder when 158898 is divided by 28.
26
Calculate the remainder when 3658 is divided by 729.
13
Calculate the remainder when 16061 is divided by 2279.
108
What is the remainder when 76235 is divided by 423?
95
Calculate the remainder when 23001 is divided by 44.
33
Calculate the remainder when 32453 is divided by 816.
629
What is the remainder when 200545 is divided by 27?
16
Calculate the remainder when 21625 is divided by 81.
79
Calculate the remainder when 160738 is divided by 141.
139
What is the remainder when 2584 is divided by 632?
56
Calculate the remainder when 1230 is divided by 472.
286
What is the remainder when 307637 is divided by 81?
80
Calculate the remainder when 12710 is divided by 424.
414
Calculate the remainder when 109723 is divided by 155.
138
Calculate the remainder when 22557 is divided by 673.
348
Calculate the remainder when 346372 is divided by 96.
4
Calculate the remainder when 571895 is divided by 41.
27
What is the remainder when 9749 is divided by 36?
29
What is the remainder when 5650 is divided by 283?
273
Calculate the remainder when 109167 is divided by 10.
7
What is the remainder when 9766 is divided by 3245?
31
What is the remainder when 3481 is divided by 28?
9
What is the remainder when 19716 is divided by 172?
108
What is the remainder when 1828 is divided by 113?
20
What is the remainder when 4208 is divided by 135?
23
Calculate the remainder when 143007 is divided by 47668.
3
What is the remainder when 8414 is divided by 8282?
132
What is the remainder when 29380 is divided by 60?
40
Calculate the remainder when 190852 is divided by 604.
592
What is the remainder when 801565 is divided by 1989?
1987
What is the remainder when 24963047 is divided by 2199?
2198
What is the remainder when 161961 is divided by 53856?
393
What is the remainder when 183569 is divided by 91778?
13
What is the remainder when 7909 is divided by 1959?
73
Calculate the remainder when 187396 is divided by 62389.
229
What is the remainder when 81998 is divided by 112?
14
What is the remainder when 7206 is divided by 7198?
8
Calculate the remainder when 51115 is divided by 419.
416
Calculate the remainder when 1868 is divided by 291.
122
What is the remainder when 132303 is divided by 73?
27
Calculate the remainder when 3252 is divided by 1619.
14
Calculate the remainder when 33053 is divided by 509.
477
Calculate the remainder when 30471 is divided by 380.
71
Calculate the remainder when 601067 is divided by 18783.
11
What is the remainder when 1233 is divided by 173?
22
Calculate the remainder when 13321 is divided by 1187.
264
What is the remainder when 6608 is divided by 7?
0
What is the remainder when 1853 is divided by 605?
38
What is the remainder when 8408 is divided by 15?
8
What is the remainder when 182351 is divided by 232?
231
What is the remainder when 107555 is divided by 26887?
7
Calculate the remainder when 2086123 is divided by 75.
73
Calculate the remainder when 1468 is divided by 10.
8
Calculate the remainder when 30260 is divided by 27.
20
What is the remainder when 131997 is divided by 680?
77
Calculate the remainder when 47916 is divided by 470.
446
Calculate the remainder when 363439 is divided by 11.
10
What is the remainder when 12040 is divided by 598?
80
What is the remainder when 376485 is divided by 10?
5
Calculate the remainder when 20261 is divided by 2528.
37
What is the remainder when 245880 is divided by 4821?
9
What is the remainder when 1146 is divided by 84?
54
What is the remainder when 10068 is divided by 155?
148
What is the remainder when 1452189 is divided by 24?
21
Calculate the remainder when 506383 is divided by 1023.
1021
Calculate the remainder when 48013 is divided by 874.
817
Calculate the remainder when 3941 is divided by 51.
14
Calculate the remainder when 19388 is divided by 245.
33
Calculate the remainder when 2191 is divided by 1104.
1087
What is the remainder when 90559 is divided by 11?
7
Calculate the remainder when 8644 is divided by 217.
181
What is the remainder when 132892 is divided by 929?
45
What is the remainder when 231594 is divided by 12?
6
Calculate the remainder when 3211 is divided by 3193.
18
What is the remainder when 11586 is divided by 11547?
39
Calculate the remainder when 178292 is divided by 67.
5
What is the remainder when 115413 is divided by 691?
16
What is the remainder when 26287 is divided by 822?
805
What is the remainder when 2914 is divided by 921?
151
Calculate the remainder when 686864 is divided by 182.
178
What is the remainder when 1572 is divided by 705?
162
What is the remainder when 96899 is divided by 34?
33
What is the remainder when 1557 is divided by 190?
37